{"id":20837,"date":"2026-03-12T19:03:59","date_gmt":"2026-03-12T19:03:59","guid":{"rendered":"https:\/\/escal.com.tr\/aluminyum-profil\/?page_id=20837"},"modified":"2026-03-12T19:05:09","modified_gmt":"2026-03-12T19:05:09","slug":"aluminyum-cam-balkon-cesitleri-damlalik-fiyat-h-kose-profil","status":"publish","type":"page","link":"https:\/\/escal.com.tr\/aluminyum-profil\/aluminyum-cam-balkon-cesitleri-damlalik-fiyat-h-kose-profil\/","title":{"rendered":"Al\u00fcminyum cam balkon \u00e7e\u015fitleri damlal\u0131k fiyat h k\u00f6\u015fe profil"},"content":{"rendered":"\n<h2 class=\"wp-block-wd-title title wd-7156e5a0\">Cam Balkon Profili<\/h2>\n\n\n\n<p class=\"wp-block-wd-paragraph wd-d89ad708\"><strong>Cam balkon profili<\/strong>, balkonlar\u0131n cam panellerle kapat\u0131lmas\u0131nda kullan\u0131lan \u00f6zel al\u00fcminyum profil sistemleridir. Cam balkon sistemleri, balkonlar\u0131 d\u0131\u015f etkenlerden korurken, cam\u0131n \u015feffaf yap\u0131s\u0131 sayesinde g\u00f6r\u00fc\u015f a\u00e7\u0131s\u0131n\u0131 engellemez. Al\u00fcminyum profiller, sistemin ana ta\u015f\u0131y\u0131c\u0131 elemanlar\u0131d\u0131r.<\/p>\n\n\n\n<div class=\"wp-block-wd-divider wd-style-line wd-97a74232\"><\/div>\n\n\n\n<h2 class=\"wp-block-wd-title title wd-5e67f1d1\">Al\u00fcminyum Cam Balkon Profili<\/h2>\n\n\n\n<p class=\"wp-block-wd-paragraph wd-6d168beb\"><strong>Al\u00fcminyum cam balkon profili<\/strong>, cam balkon sistemlerinin iskeletini olu\u015fturan, cam panellerin sabitlendi\u011fi ve hareket etti\u011fi profil sistemidir. Genellikle 6063 al\u00fcminyum ala\u015f\u0131m\u0131ndan \u00fcretilir ve eloksal veya toz boya ile kaplan\u0131r. Hafif, dayan\u0131kl\u0131 ve korozyona kar\u015f\u0131 diren\u00e7lidir.<\/p>\n\n\n\n<div class=\"wp-block-wd-divider wd-style-line wd-c146207d\"><\/div>\n\n\n\n<h2 class=\"wp-block-wd-title title wd-e33f0deb\">Cam Balkon Profili<\/h2>\n\n\n\n<p class=\"wp-block-wd-paragraph wd-a69644ae\"><strong>Cam balkon profili<\/strong>\u00a0sistemleri, balkonlar\u0131 d\u00f6rt mevsim kullan\u0131labilir hale getirir. R\u00fczgar, ya\u011fmur, kar, toz ve g\u00fcr\u00fclt\u00fcden korurken, manzaray\u0131 engellemez. Modern ve \u015f\u0131k g\u00f6r\u00fcn\u00fcm\u00fcyle bina esteti\u011fine katk\u0131da bulunur.<\/p>\n\n\n\n<div class=\"wp-block-wd-divider wd-style-line wd-a676a93c\"><\/div>\n\n\n\n<h2 class=\"wp-block-wd-title title wd-394f62ae\">Profil Cam Balkon<\/h2>\n\n\n\n<p class=\"wp-block-wd-paragraph wd-2d97a25d\"><strong>Profil cam balkon<\/strong>\u00a0sistemleri, \u00fcst ray, alt ray, yan profiller, k\u00f6\u015fe profilleri ve kilit profillerinden olu\u015fur. \u00dcst ve alt raylar cam panellerin hareketini y\u00f6nlendirirken, yan profiller panelleri birbirine ba\u011flar.<\/p>\n\n\n\n<div class=\"wp-block-wd-divider wd-style-line wd-3e33c5f7\"><\/div>\n\n\n\n<h2 class=\"wp-block-wd-title title wd-a9050220\">Cam Balkon Profilleri<\/h2>\n\n\n\n<p class=\"wp-block-wd-paragraph wd-3da6940c\"><strong>Cam balkon profilleri<\/strong>\u00a0kullan\u0131m amac\u0131na g\u00f6re farkl\u0131l\u0131k g\u00f6sterir. S\u00fcrg\u00fcl\u00fc sistemler, katlan\u0131r sistemler ve sabit sistemler i\u00e7in \u00f6zel olarak tasarlanm\u0131\u015f profil \u00e7e\u015fitleri mevcuttur. Her sistem tipi farkl\u0131 profil setleri gerektirir.<\/p>\n\n\n\n<div class=\"wp-block-wd-divider wd-style-line wd-d0ac52d8\"><\/div>\n\n\n\n<h2 class=\"wp-block-wd-title title wd-b612a9f9\">Cam Balkon Al\u00fcminyum Profil<\/h2>\n\n\n\n<p class=\"wp-block-wd-paragraph wd-1bb847d6\"><strong>Cam balkon al\u00fcminyum profil<\/strong>\u00a0sistemleri, 6063 al\u00fcminyum ala\u015f\u0131m\u0131ndan \u00fcretilir. Eloksal kaplama (g\u00fcm\u00fc\u015f, bronz, siyah) veya toz boya (RAL renkleri) ile renklendirilir. UV dayan\u0131ml\u0131 kaplamalar renk solmas\u0131n\u0131 \u00f6nler.<\/p>\n\n\n\n<div class=\"wp-block-wd-divider wd-style-line wd-7ad8d829\"><\/div>\n\n\n\n<h2 class=\"wp-block-wd-title title wd-f7fd9608\">Al\u00fcminyum Profil Cam Balkon<\/h2>\n\n\n\n<p class=\"wp-block-wd-paragraph wd-320390a7\"><strong>Al\u00fcminyum profil cam balkon<\/strong>\u00a0sistemlerinde kullan\u0131lan profiller, cam panellerin g\u00fcvenli bir \u015fekilde ta\u015f\u0131nmas\u0131n\u0131 sa\u011flar. Cam tutucu profiller, cam kenarlar\u0131n\u0131 sararak sabitler ve darbelere kar\u015f\u0131 korur.<\/p>\n\n\n\n<div class=\"wp-block-wd-divider wd-style-line wd-8dd6eaac\"><\/div>\n\n\n\n<h2 class=\"wp-block-wd-title title wd-900c2dcc\">Cam Balkon Al\u00fcminyum Profil \u00c7e\u015fitleri<\/h2>\n\n\n\n<p class=\"wp-block-wd-paragraph wd-41e61791\"><strong>Cam balkon al\u00fcminyum profil \u00e7e\u015fitleri<\/strong>\u00a0aras\u0131nda \u00fcst ray profilleri, alt ray profilleri, d\u00fc\u015fey kenar profilleri, k\u00f6\u015fe profilleri, kilit profilleri, damlal\u0131k profilleri ve H profilleri bulunur. Her biri sistemin farkl\u0131 bir par\u00e7as\u0131nda g\u00f6rev yapar.<\/p>\n\n\n\n<div class=\"wp-block-wd-divider wd-style-line wd-356e54e8\"><\/div>\n\n\n\n<h2 class=\"wp-block-wd-title title wd-01ce19ae\">Cam Balkon Damlalik Profili<\/h2>\n\n\n\n<p class=\"wp-block-wd-paragraph wd-a40beebe\"><strong>Cam balkon damlalik profili<\/strong>, su tahliyesini sa\u011flamak ve suyun birikmesini \u00f6nlemek i\u00e7in kullan\u0131lan \u00f6zel profil \u00e7e\u015fididir. Genellikle alt ray profillerinin bir par\u00e7as\u0131 olarak tasarlan\u0131r. Su tahliye kanallar\u0131 i\u00e7erir, suyun birikmesini \u00f6nler.<\/p>\n\n\n\n<div class=\"wp-block-wd-divider wd-style-line wd-1db9be9f\"><\/div>\n\n\n\n<h2 class=\"wp-block-wd-title title wd-4532c828\">Cam Balkon H Profili<\/h2>\n\n\n\n<p class=\"wp-block-wd-paragraph wd-57ef9b05\"><strong>Cam balkon h profili<\/strong>, iki cam panelin yan yana birle\u015ftirilmesinde kullan\u0131lan H \u015feklindeki \u00f6zel profil \u00e7e\u015fididir. Cam paneller aras\u0131nda d\u00fczg\u00fcn bir birle\u015fim sa\u011flar, su ve hava s\u0131zd\u0131rmazl\u0131\u011f\u0131 sunar. Estetik g\u00f6r\u00fcn\u00fcm ve kolay montaj avantaj\u0131 sa\u011flar.<\/p>\n\n\n\n<div class=\"wp-block-wd-divider wd-style-line wd-2af1eee1\"><\/div>\n\n\n\n<h2 class=\"wp-block-wd-title title wd-63cb74fa\">Cam Balkon K\u00f6\u015fe Profilleri<\/h2>\n\n\n\n<p class=\"wp-block-wd-paragraph wd-4a0debe0\"><strong>Cam balkon k\u00f6\u015fe profilleri<\/strong>, cam balkon sistemlerinin k\u00f6\u015fe birle\u015fim noktalar\u0131nda kullan\u0131lan \u00f6zel profillerdir. \u0130\u00e7 k\u00f6\u015fe ve d\u0131\u015f k\u00f6\u015fe olarak farkl\u0131 tiplerde \u00fcretilir. \u0130\u00e7 k\u00f6\u015fe profilleri 90 derece i\u00e7 a\u00e7\u0131l\u0131 birle\u015fimlerde, d\u0131\u015f k\u00f6\u015fe profilleri 90 derece d\u0131\u015f a\u00e7\u0131l\u0131 birle\u015fimlerde kullan\u0131l\u0131r.<\/p>\n\n\n\n<div class=\"wp-block-wd-divider wd-style-line wd-4d80b9d0\"><\/div>\n\n\n\n<h2 class=\"wp-block-wd-title title wd-7919fc83\">Al\u00fcminyum Cam Balkon Profil Fiyatlar\u0131<\/h2>\n\n\n\n<p class=\"wp-block-wd-paragraph wd-5a376362\"><strong>Al\u00fcminyum cam balkon profil fiyatlar\u0131<\/strong>\u00a0\u00fczerinde profil tipi, \u00f6l\u00e7\u00fcler, et kal\u0131nl\u0131\u011f\u0131, y\u00fczey i\u015flemi, sistem tipi ve tedarik miktar\u0131 etkilidir. Eloksall\u0131 profiller dayan\u0131kl\u0131 ve uzun \u00f6m\u00fcrl\u00fcd\u00fcr. Toz boyal\u0131 profiller geni\u015f renk se\u00e7ene\u011fi sunar.<\/p>\n\n\n\n<div class=\"wp-block-wd-divider wd-style-line wd-0be7a4ae\"><\/div>\n\n\n\n<h2 class=\"wp-block-wd-title title wd-30ae1e8f\">Cam Balkon Profil Fiyatlar\u0131<\/h2>\n\n\n\n<p class=\"wp-block-wd-paragraph wd-11f5e859\"><strong>Cam balkon profil fiyatlar\u0131<\/strong>\u00a0s\u00fcrg\u00fcl\u00fc sistem, katlan\u0131r sistem veya sabit sistem tercihine g\u00f6re de\u011fi\u015fir. Profil kesiti ve et kal\u0131nl\u0131\u011f\u0131, r\u00fczgar y\u00fck\u00fc dayan\u0131m\u0131n\u0131 etkiler. Toptan al\u0131mlarda birim fiyat avantaj\u0131 sa\u011flan\u0131r.<\/p>\n\n\n\n<div class=\"wp-block-wd-divider wd-style-line wd-5f72d5e6\"><\/div>\n\n\n\n<h2 class=\"wp-block-wd-title title wd-76371615\">\u0130leti\u015fim<\/h2>\n\n\n\n<p class=\"wp-block-wd-paragraph wd-f6d43f23\"><strong>Cam balkon profili<\/strong>,\u00a0<strong>al\u00fcminyum cam balkon profili<\/strong>\u00a0\u00e7e\u015fitleri ve\u00a0<strong>cam balkon profil fiyatlar\u0131<\/strong>\u00a0hakk\u0131nda daha detayl\u0131 bilgi almak, projeniz i\u00e7in en uygun cam balkon profili se\u00e7imini yapmak i\u00e7in bizimle ileti\u015fime ge\u00e7ebilirsiniz.<\/p>\n\n\n\n<p class=\"wp-block-wd-paragraph wd-35edb15a\">Uzman ekibimiz, ihtiya\u00e7lar\u0131n\u0131za en uygun cam balkon profili \u00e7\u00f6z\u00fcmlerini belirlemenize yard\u0131mc\u0131 olacak, \u00f6l\u00e7\u00fc, tip ve y\u00fczey i\u015flemi se\u00e7iminde teknik destek sa\u011flayacakt\u0131r.<\/p>\n\n\n\n<p class=\"wp-block-wd-paragraph wd-3414481e\"><strong>Bize ula\u015f\u0131n, projenizi birlikte de\u011ferlendirelim.<\/strong><\/p>\n","protected":false},"excerpt":{"rendered":"","protected":false},"author":1,"featured_media":0,"parent":0,"menu_order":0,"comment_status":"closed","ping_status":"closed","template":"","meta":{"footnotes":""},"class_list":["post-20837","page","type-page","status-publish","hentry"],"yoast_head":"<!-- This site is optimized with the Yoast SEO plugin v27.3 - https:\/\/yoast.com\/product\/yoast-seo-wordpress\/ -->\n<title>Cam Balkon Profili \u00c7e\u015fitleri ve Al\u00fcminyum Cam Balkon Fiyatlar\u0131<\/title>\n<meta name=\"description\" content=\"Cam balkon profili, al\u00fcminyum cam balkon \u00e7e\u015fitleri, damlal\u0131k, H ve k\u00f6\u015fe profilleri hakk\u0131nda detayl\u0131 bilgi bu rehberde.\" \/>\n<meta name=\"robots\" content=\"index, follow, max-snippet:-1, max-image-preview:large, max-video-preview:-1\" \/>\n<link rel=\"canonical\" href=\"https:\/\/escal.com.tr\/aluminyum-profil\/aluminyum-cam-balkon-cesitleri-damlalik-fiyat-h-kose-profil\/\" \/>\n<meta property=\"og:locale\" content=\"tr_TR\" \/>\n<meta property=\"og:type\" content=\"article\" \/>\n<meta property=\"og:title\" content=\"Cam Balkon Profili \u00c7e\u015fitleri ve Al\u00fcminyum Cam Balkon Fiyatlar\u0131\" \/>\n<meta property=\"og:description\" content=\"Cam balkon profili, al\u00fcminyum cam balkon \u00e7e\u015fitleri, damlal\u0131k, H ve k\u00f6\u015fe profilleri hakk\u0131nda detayl\u0131 bilgi bu rehberde.\" \/>\n<meta property=\"og:url\" content=\"https:\/\/escal.com.tr\/aluminyum-profil\/aluminyum-cam-balkon-cesitleri-damlalik-fiyat-h-kose-profil\/\" \/>\n<meta property=\"og:site_name\" content=\"Escal | Al\u00fcminyum Profil, Boru, Do\u011frama Sistemleri ve End\u00fcstriyel \u00c7\u00f6z\u00fcmler\" \/>\n<meta property=\"article:modified_time\" content=\"2026-03-12T19:05:09+00:00\" \/>\n<meta name=\"twitter:card\" content=\"summary_large_image\" \/>\n<meta name=\"twitter:label1\" content=\"Tahmini okuma s\u00fcresi\" \/>\n\t<meta name=\"twitter:data1\" content=\"4 dakika\" \/>\n<script type=\"application\/ld+json\" class=\"yoast-schema-graph\">{\"@context\":\"https:\\\/\\\/schema.org\",\"@graph\":[{\"@type\":\"WebPage\",\"@id\":\"https:\\\/\\\/escal.com.tr\\\/aluminyum-profil\\\/aluminyum-cam-balkon-cesitleri-damlalik-fiyat-h-kose-profil\\\/\",\"url\":\"https:\\\/\\\/escal.com.tr\\\/aluminyum-profil\\\/aluminyum-cam-balkon-cesitleri-damlalik-fiyat-h-kose-profil\\\/\",\"name\":\"Cam Balkon Profili \u00c7e\u015fitleri ve Al\u00fcminyum Cam Balkon Fiyatlar\u0131\",\"isPartOf\":{\"@id\":\"https:\\\/\\\/escal.com.tr\\\/aluminyum-profil\\\/#website\"},\"datePublished\":\"2026-03-12T19:03:59+00:00\",\"dateModified\":\"2026-03-12T19:05:09+00:00\",\"description\":\"Cam balkon profili, al\u00fcminyum cam balkon \u00e7e\u015fitleri, damlal\u0131k, H ve k\u00f6\u015fe profilleri hakk\u0131nda detayl\u0131 bilgi bu rehberde.\",\"breadcrumb\":{\"@id\":\"https:\\\/\\\/escal.com.tr\\\/aluminyum-profil\\\/aluminyum-cam-balkon-cesitleri-damlalik-fiyat-h-kose-profil\\\/#breadcrumb\"},\"inLanguage\":\"tr\",\"potentialAction\":[{\"@type\":\"ReadAction\",\"target\":[\"https:\\\/\\\/escal.com.tr\\\/aluminyum-profil\\\/aluminyum-cam-balkon-cesitleri-damlalik-fiyat-h-kose-profil\\\/\"]}]},{\"@type\":\"BreadcrumbList\",\"@id\":\"https:\\\/\\\/escal.com.tr\\\/aluminyum-profil\\\/aluminyum-cam-balkon-cesitleri-damlalik-fiyat-h-kose-profil\\\/#breadcrumb\",\"itemListElement\":[{\"@type\":\"ListItem\",\"position\":1,\"name\":\"Anasayfa\",\"item\":\"https:\\\/\\\/escal.com.tr\\\/aluminyum-profil\\\/\"},{\"@type\":\"ListItem\",\"position\":2,\"name\":\"Al\u00fcminyum cam balkon \u00e7e\u015fitleri damlal\u0131k fiyat h k\u00f6\u015fe profil\"}]},{\"@type\":\"WebSite\",\"@id\":\"https:\\\/\\\/escal.com.tr\\\/aluminyum-profil\\\/#website\",\"url\":\"https:\\\/\\\/escal.com.tr\\\/aluminyum-profil\\\/\",\"name\":\"Escal Al\u00fcminyum Profil ve Mobilya Aksesuar\u0131\",\"description\":\"Escal - Al\u00fcminyum profil, al\u00fcminyum boru, al\u00fcminyum do\u011frama, k\u00f6\u015febent, menfez ve U profil sistemleri. 40x40 profil fiyatlar\u0131 ve teknik \u00e7\u00f6z\u00fcmler.\",\"publisher\":{\"@id\":\"https:\\\/\\\/escal.com.tr\\\/aluminyum-profil\\\/#organization\"},\"alternateName\":\"ESCAL MOB\u0130LYA AKSESUARLARI SAN. T\u0130C. LTD.\u015eT\u0130.\",\"potentialAction\":[{\"@type\":\"SearchAction\",\"target\":{\"@type\":\"EntryPoint\",\"urlTemplate\":\"https:\\\/\\\/escal.com.tr\\\/aluminyum-profil\\\/?s={search_term_string}\"},\"query-input\":{\"@type\":\"PropertyValueSpecification\",\"valueRequired\":true,\"valueName\":\"search_term_string\"}}],\"inLanguage\":\"tr\"},{\"@type\":\"Organization\",\"@id\":\"https:\\\/\\\/escal.com.tr\\\/aluminyum-profil\\\/#organization\",\"name\":\"Escal | Al\u00fcminyum Profil, Boru, Do\u011frama Sistemleri ve End\u00fcstriyel \u00c7\u00f6z\u00fcmler\",\"alternateName\":\"ESCAL MOB\u0130LYA AKSESUARLARI SAN. T\u0130C. LTD.\u015eT\u0130.\",\"url\":\"https:\\\/\\\/escal.com.tr\\\/aluminyum-profil\\\/\",\"logo\":{\"@type\":\"ImageObject\",\"inLanguage\":\"tr\",\"@id\":\"https:\\\/\\\/escal.com.tr\\\/aluminyum-profil\\\/#\\\/schema\\\/logo\\\/image\\\/\",\"url\":\"https:\\\/\\\/escal.com.tr\\\/aluminyum-profil\\\/wp-content\\\/uploads\\\/2023\\\/01\\\/logo-retina.jpg\",\"contentUrl\":\"https:\\\/\\\/escal.com.tr\\\/aluminyum-profil\\\/wp-content\\\/uploads\\\/2023\\\/01\\\/logo-retina.jpg\",\"width\":233,\"height\":65,\"caption\":\"Escal | Al\u00fcminyum Profil, Boru, Do\u011frama Sistemleri ve End\u00fcstriyel \u00c7\u00f6z\u00fcmler\"},\"image\":{\"@id\":\"https:\\\/\\\/escal.com.tr\\\/aluminyum-profil\\\/#\\\/schema\\\/logo\\\/image\\\/\"}}]}<\/script>\n<!-- \/ Yoast SEO plugin. -->","yoast_head_json":{"title":"Cam Balkon Profili \u00c7e\u015fitleri ve Al\u00fcminyum Cam Balkon Fiyatlar\u0131","description":"Cam balkon profili, al\u00fcminyum cam balkon \u00e7e\u015fitleri, damlal\u0131k, H ve k\u00f6\u015fe profilleri hakk\u0131nda detayl\u0131 bilgi bu rehberde.","robots":{"index":"index","follow":"follow","max-snippet":"max-snippet:-1","max-image-preview":"max-image-preview:large","max-video-preview":"max-video-preview:-1"},"canonical":"https:\/\/escal.com.tr\/aluminyum-profil\/aluminyum-cam-balkon-cesitleri-damlalik-fiyat-h-kose-profil\/","og_locale":"tr_TR","og_type":"article","og_title":"Cam Balkon Profili \u00c7e\u015fitleri ve Al\u00fcminyum Cam Balkon Fiyatlar\u0131","og_description":"Cam balkon profili, al\u00fcminyum cam balkon \u00e7e\u015fitleri, damlal\u0131k, H ve k\u00f6\u015fe profilleri hakk\u0131nda detayl\u0131 bilgi bu rehberde.","og_url":"https:\/\/escal.com.tr\/aluminyum-profil\/aluminyum-cam-balkon-cesitleri-damlalik-fiyat-h-kose-profil\/","og_site_name":"Escal | Al\u00fcminyum Profil, Boru, Do\u011frama Sistemleri ve End\u00fcstriyel \u00c7\u00f6z\u00fcmler","article_modified_time":"2026-03-12T19:05:09+00:00","twitter_card":"summary_large_image","twitter_misc":{"Tahmini okuma s\u00fcresi":"4 dakika"},"schema":{"@context":"https:\/\/schema.org","@graph":[{"@type":"WebPage","@id":"https:\/\/escal.com.tr\/aluminyum-profil\/aluminyum-cam-balkon-cesitleri-damlalik-fiyat-h-kose-profil\/","url":"https:\/\/escal.com.tr\/aluminyum-profil\/aluminyum-cam-balkon-cesitleri-damlalik-fiyat-h-kose-profil\/","name":"Cam Balkon Profili \u00c7e\u015fitleri ve Al\u00fcminyum Cam Balkon Fiyatlar\u0131","isPartOf":{"@id":"https:\/\/escal.com.tr\/aluminyum-profil\/#website"},"datePublished":"2026-03-12T19:03:59+00:00","dateModified":"2026-03-12T19:05:09+00:00","description":"Cam balkon profili, al\u00fcminyum cam balkon \u00e7e\u015fitleri, damlal\u0131k, H ve k\u00f6\u015fe profilleri hakk\u0131nda detayl\u0131 bilgi bu rehberde.","breadcrumb":{"@id":"https:\/\/escal.com.tr\/aluminyum-profil\/aluminyum-cam-balkon-cesitleri-damlalik-fiyat-h-kose-profil\/#breadcrumb"},"inLanguage":"tr","potentialAction":[{"@type":"ReadAction","target":["https:\/\/escal.com.tr\/aluminyum-profil\/aluminyum-cam-balkon-cesitleri-damlalik-fiyat-h-kose-profil\/"]}]},{"@type":"BreadcrumbList","@id":"https:\/\/escal.com.tr\/aluminyum-profil\/aluminyum-cam-balkon-cesitleri-damlalik-fiyat-h-kose-profil\/#breadcrumb","itemListElement":[{"@type":"ListItem","position":1,"name":"Anasayfa","item":"https:\/\/escal.com.tr\/aluminyum-profil\/"},{"@type":"ListItem","position":2,"name":"Al\u00fcminyum cam balkon \u00e7e\u015fitleri damlal\u0131k fiyat h k\u00f6\u015fe profil"}]},{"@type":"WebSite","@id":"https:\/\/escal.com.tr\/aluminyum-profil\/#website","url":"https:\/\/escal.com.tr\/aluminyum-profil\/","name":"Escal Al\u00fcminyum Profil ve Mobilya Aksesuar\u0131","description":"Escal - Al\u00fcminyum profil, al\u00fcminyum boru, al\u00fcminyum do\u011frama, k\u00f6\u015febent, menfez ve U profil sistemleri. 40x40 profil fiyatlar\u0131 ve teknik \u00e7\u00f6z\u00fcmler.","publisher":{"@id":"https:\/\/escal.com.tr\/aluminyum-profil\/#organization"},"alternateName":"ESCAL MOB\u0130LYA AKSESUARLARI SAN. T\u0130C. LTD.\u015eT\u0130.","potentialAction":[{"@type":"SearchAction","target":{"@type":"EntryPoint","urlTemplate":"https:\/\/escal.com.tr\/aluminyum-profil\/?s={search_term_string}"},"query-input":{"@type":"PropertyValueSpecification","valueRequired":true,"valueName":"search_term_string"}}],"inLanguage":"tr"},{"@type":"Organization","@id":"https:\/\/escal.com.tr\/aluminyum-profil\/#organization","name":"Escal | Al\u00fcminyum Profil, Boru, Do\u011frama Sistemleri ve End\u00fcstriyel \u00c7\u00f6z\u00fcmler","alternateName":"ESCAL MOB\u0130LYA AKSESUARLARI SAN. T\u0130C. LTD.\u015eT\u0130.","url":"https:\/\/escal.com.tr\/aluminyum-profil\/","logo":{"@type":"ImageObject","inLanguage":"tr","@id":"https:\/\/escal.com.tr\/aluminyum-profil\/#\/schema\/logo\/image\/","url":"https:\/\/escal.com.tr\/aluminyum-profil\/wp-content\/uploads\/2023\/01\/logo-retina.jpg","contentUrl":"https:\/\/escal.com.tr\/aluminyum-profil\/wp-content\/uploads\/2023\/01\/logo-retina.jpg","width":233,"height":65,"caption":"Escal | Al\u00fcminyum Profil, Boru, Do\u011frama Sistemleri ve End\u00fcstriyel \u00c7\u00f6z\u00fcmler"},"image":{"@id":"https:\/\/escal.com.tr\/aluminyum-profil\/#\/schema\/logo\/image\/"}}]}},"_links":{"self":[{"href":"https:\/\/escal.com.tr\/aluminyum-profil\/wp-json\/wp\/v2\/pages\/20837","targetHints":{"allow":["GET"]}}],"collection":[{"href":"https:\/\/escal.com.tr\/aluminyum-profil\/wp-json\/wp\/v2\/pages"}],"about":[{"href":"https:\/\/escal.com.tr\/aluminyum-profil\/wp-json\/wp\/v2\/types\/page"}],"author":[{"embeddable":true,"href":"https:\/\/escal.com.tr\/aluminyum-profil\/wp-json\/wp\/v2\/users\/1"}],"replies":[{"embeddable":true,"href":"https:\/\/escal.com.tr\/aluminyum-profil\/wp-json\/wp\/v2\/comments?post=20837"}],"version-history":[{"count":2,"href":"https:\/\/escal.com.tr\/aluminyum-profil\/wp-json\/wp\/v2\/pages\/20837\/revisions"}],"predecessor-version":[{"id":20839,"href":"https:\/\/escal.com.tr\/aluminyum-profil\/wp-json\/wp\/v2\/pages\/20837\/revisions\/20839"}],"wp:attachment":[{"href":"https:\/\/escal.com.tr\/aluminyum-profil\/wp-json\/wp\/v2\/media?parent=20837"}],"curies":[{"name":"wp","href":"https:\/\/api.w.org\/{rel}","templated":true}]}}